 k(7). What is the highest common divisor of c and q?
28
Suppose 4*m = 6*m - 10. Suppose 0 = -m*v + 35 + 15. What is the greatest common divisor of v and 35?
5
Let i(k) = -k**3 - 7*k**2 - 4*k + 13. Suppose 3*v + 6 = 2*v. Let s be i(v). Let d be 1 - (-23 + s + 1). What is the highest common factor of 55 and d?
11
Let c = 97 - 52. Let o = -24 + 30. Suppose 2*y - 5*i - 21 = 0, 4*i + 96 = 5*y + o*i. What is the highest common factor of c and y?
9
Let v be ((-14)/35)/((2/1)/(-10)). Suppose -3*h + 8 = v, -5*h = -3*w - 7. Calculate the greatest common divisor of w and 1.
1
Suppose o - 16 = -15. Suppose 5*z + 12 = -8. Let l = o - z. Calculate the highest common divisor of 15 and l.
5
Let l(z) = z + 2. Let k be l(-1). Let a(g) = 9*g**2. Let m be a(k). What is the greatest common factor of m and 63?
9
Suppose -988 = -13*g + 832. What is the highest common divisor of 70 and g?
70
Let t(v) be the second derivative of -v**4/6 + 43*v**3/6 - 7*v**2 + 46*v. Let c be t(18). Calculate the highest common factor of 84 and c.
28
Let l be ((-2)/4)/(10/(-80)). Suppose o - 2*c = 1 + 9, 0 = o + l*c - 22. Calculate the highest common divisor of 70 and o.
14
Suppose 8*k + 33*k - 3895 = 0. What is the greatest common divisor of 76 and k?
19
Let c = 30 - 14. Suppose -4*s = -c, -l - s = -2*s + 3. Let z be 126/4*(1 + l). Calculate the greatest common divisor of z and 9.
9
Suppose -31 = -5*q + 54. Suppose v - q = 5*w + 18, 4*w = -20. Calculate the highest common divisor of v and 5.
5
Let a(p) be the second derivative of 5*p**4/12 - p**3/6 + p**2 - 13*p. Let m be a(3). Calculate the greatest common divisor of 11 and m.
11
Let q = 295 + 148. Suppose 5*d + 2*m - q = -m, 4*d - m = 351. Calculate the highest common divisor of d and 8.
8
Suppose 3*z + 5 = -3*i + 8, -6 = 2*z. Let a = 1 + 0. Let w be 512/i*a/2. What is the highest common divisor of 16 and w?
16
Let i be (3/(-4))/((-1)/16). Let j be 129/i - 3/4. Let s be (-3)/9 - 728/(-24). Calculate the greatest common divisor of j and s.
10
Let l(j) = 2*j - 11. Suppose -4*x + 30 + 26 = 0. Suppose -2*r + 4*c = 4 - x, -4*r = 2*c - 30. Let o be l(r). What is the highest common factor of o and 21?
3
Suppose v = -4*v + 10. Let l = 13 - 9. Calculate the highest common divisor of v and l.
2
Suppose -5*o + 8 = -3*o. Suppose 0 = -o*j - 686 - 126. Let l = 357 + j. Calculate the highest common divisor of l and 14.
14
Let i = 328 - 323. What is the greatest common factor of 11 and i?
1
Suppose 4*k = 2*h + 897 - 139, k + 3*h = 200. Suppose 3*s = -3*t + 255, 0 = 2*s - 2*t + 41 - k. Calculate the greatest common factor of s and 32.
16
Let u(n) = 3*n - 1. Let m be u(1). Let h(x) = m + 1 - 4 - 3*x - 8. Let a be h(-5). Calculate the highest common factor of a and 6.
6
Suppose 6*a + 28 = 10*a. Let r be 7/(1 + (-9)/12). Calculate the greatest common divisor of r and a.
7
Suppose 65 + 15 = i. What is the greatest common divisor of i and 25?
5
Let n = 562 - 353. Calculate the highest common divisor of 19 and n.
19
Suppose -2 = 2*w + 2*n, 2*w - 5*n - 12 = 14. What is the greatest common factor of w and 3?
3
Suppose -4*v + 16 = -8. Let f(w) = w**3 + 18*w**2 - 20*w - 9. Let x be f(-19). What is the highest common divisor of x and v?
2
Suppose 0 = -56*o + 68*o - 672. Let u(w) = w**3 - 5*w**2 - 2*w. Let v be u(7). Calculate the highest common factor of v and o.
28
Let m be (-42)/(-4)*2/3. Let j be 1540/(-66)*(-4 - -1). Calculate the greatest common divisor of j and m.
7
Let r be -1*1 + -13 + 126. Suppose r = -0*v + 4*v. Suppose -5*a = v - 113. What is the greatest common divisor of a and 170?
17
Let r = -100 - -151. What is the highest common factor of 102 and r?
51
Let a be 2 + (-1)/((-3)/6). Suppose 39 - 3 = a*f. Let s = 203 + -104. What is the highest common factor of f and s?
9
Suppose -9*x + 14*x = -1525. Let g = -209 - x. Calculate the greatest common divisor of g and 12.
12
Suppose 16*l - 53 = 12*l - 5*f, 0 = -3*f + 3. What is the greatest common divisor of 708 and l?
12
Let b = 229 + -163. Calculate the greatest common divisor of b and 114.
6
Let d(p) = -p - 2. Let m be d(5). Let o = 17 + m. Let k = 56 - 26. Calculate the highest common factor of o and k.
10
Suppose -x = -20 + 2. Let i = -149 + 148. Let r be ((-16)/32)/(i/288). What is the highest common factor of x and r?
18
Suppose -17*t + 20*t - 81 = 0. Calculate the highest common factor of 9 and t.
9
Suppose -2*k - 2*k = -5*j + 8387, -4*j + 4*k + 6708 = 0. What is the highest common divisor of j and 23?
23
Let z = -877 + 1401. What is the greatest common factor of z and 4?
4
Let w(o) = 7*o**2 + 56*o - 45. Let r be w(-10). Let x be (-114)/(-4)*8/6. Calculate the greatest common divisor of r and x.
19
Suppose 2*x + 24 = -0*x. Let v be ((-17)/((-85)/x))/(4/(-10)). What is the highest common divisor of 15 and v?
3
Suppose o = -4*o - 4*g + 79, -3*g = 12. Let f = o + 44. Suppose -5*m + f = -37. What is the highest common divisor of 100 and m?
20
Let x be -3 - (-84)/30 - 461/(-5). What is the greatest common factor of 23 and x?
23
Let o(n) = 10*n**3 - 5*n**2 + 10*n - 15. Let p be o(4). Calculate the highest common factor of p and 90.
45
Suppose -26*o + 288 = -14*o. What is the greatest common divisor of 204 and o?
12
Let d be (-66 + -6 - -8)*2/(-1). Calculate the greatest common factor of d and 160.
32
Let d(y) = -2*y**3 + 72*y**2 + 14*y - 358. Let p be d(36). What is the highest common factor of p and 2701?
73
Suppose -3*y + o = -331, 5*o = 36*y - 32*y - 423. Calculate the highest common factor of y and 182.
14
Let m = 2707 - 2667. Let t be (-2 + 1)*8/(-1). What is the highest common divisor of t and m?
8
Let l(c) = -c**3 - 10*c**2 + 13*c + 27. Let j be l(-11). Let b be (4 - j*6)/(-2). Suppose -4*v + 364 = -0*v. Calculate the greatest common factor of v and b.
13
Suppose g = p - 5, 4*g - p = p - 10. Suppose 3*j + 15 = -g*j. Let v(m) = -m**2 - 7*m. Let a be v(j). Calculate the highest common divisor of a and 5.
5
Let u(j) = 2*j**3 - 12*j**2 + 13*j + 6. Let m be u(10). Suppose -a - 7*a = -m. What is the highest common factor of a and 13?
13
Suppose -3*d + 4 = -56. Let z be 1/(-3)*3*-4. Calculate the highest common factor of d and z.
4
Suppose 0 = -34*d + 33*d + 8. Suppose -d*x = -x - 119. Calculate the greatest common factor of 17 and x.
17
Let s be ((-6)/((-12)/10))/(-1). Let i(b) = -b**3 - 4*b**2 + b + 8. Let y be i(s). Calculate the greatest common factor of 112 and y.
28
Let o be (-1751)/(-206)*(1 + 1). Suppose -4*x + 1124 = 36. What is the greatest common divisor of x and o?
17
Suppose -3*l = 2*l + 5*f + 5, 2*f + 4 = 0. What is the highest common divisor of 1 and l?
1
Suppose -4*h + 9 = -3. Suppose 59 = h*r - 7. Suppose -275 = -3*b - 2*b. What is the greatest common divisor of r and b?
11
Let x = 94 + -91. Suppose x*z + 62 = k + 5*z, -k = -2*z - 46. Calculate the greatest common divisor of 72 and k.
18
Let c(r) = -5*r - 5. Suppose 0 = u - 2, 6*n + 24 = 2*n + 4*u. Let h be c(n). Let s(y) = -y + 90. Let f be s(0). Calculate the greatest common factor of h and f.
15
Suppose -f + 28 = 4*v, 2*f = -4*v + 13 + 11. Suppose -10*w = -6*w - v. Calculate the highest common factor of 2 and w.
2
Suppose -w - 19 = -5*x, 3*w + 56 = w + 4*x. Let u be (-2 - 4/4) + -4. Let g = u - w. Calculate the greatest common factor of 216 and g.
27
Let d be (-2 + 1)*5/5. Let p be 0 + ((-160)/4)/d. What is the greatest common factor of p and 8?
8
Let t = -1051 - -1067. Suppose -4*q - 3*v + 1076 = 0, -4*q - v = -0*q - 1084. What is the highest common divisor of t and q?
16
Suppose -5*u + 2*k + 2251 = 0, -5*u - 2*k = -3126 + 867. What is the greatest common divisor of 41 and u?
41
Let d = 19 - -17. Suppose -n - n + 24 = -4*w, d = 5*n - 2*w. Suppose 0 = -n*l + l + 60. What is the highest common factor of 12 and l?
12
Let v(z) = 6*z - 5. Let b be v(4). Let i = 73 - 63. Let u be (532/(-35))/((-4)/i). Calculate the greatest common factor of u and b.
19
Suppose -j = 2*y - 11 + 3, 5*j = 3*y + 92. Suppose 16 = -15*w + j*w. What is the greatest common divisor of w and 8?
8
Let w = -14 + 20. Let b be (0 - 2)*(-15)/w. What is the highest common divisor of b and 45?
5
Suppose 0 = -5*i, 4*k = 3*i - 77 - 35. Let j = -14 - k. Let q(r) = -r**3 - r + 2. Let g be q(-4). Calculate the greatest common factor of g and j.
14
Suppose 84*n + 11610 =